et x be (2 - -4) + (-4)/2. Suppose 2*z + 2*z = 4*s + 156, 5*z = -x*s + 204. What is the remainder when z is divided by (-2 - -1)/(-6*(-7)/(-588))?
12
Suppose -624 = -19*s - 29*s. What is the remainder when 64 is divided by s?
12
Let z = -62 - -23. Let k = z + 77. What is the remainder when 112 is divided by k?
36
Suppose -2*f = -0*f - 192. Suppose -f = -5*g + g. Suppose 4*d = g + 4. Calculate the remainder when d is divided by 5.
2
Let y(n) = 45*n**3 + 2*n**2 + 3*n - 4. Calculate the remainder when y(1) is divided by 11.
2
Suppose 10*k - 3621 = 2369. Calculate the remainder when k is divided by 147.
11
Let v = 120 - 118. Suppose r = v*r - 39. What is the remainder when r is divided by 22?
17
Let g(u) be the second derivative of u**4/4 - 2*u**3/3 + u**2 - 31*u. What is the remainder when 58 is divided by g(3)?
7
Let g be (-3 - 0) + 3/3. Let b be -140 + (0/(-2))/g. What is the remainder when b/(-3) + 4/(-6) is divided by 17?
12
Suppose 7*r - 72 = -5*r. What is the remainder when (3/r - 2)*-14 + 4 is divided by 17?
8
Let l(g) = 3*g + 62. Let k be (15/(-3) - 0)*2. Calculate the remainder when l(k) is divided by 12.
8
Let v(s) be the third derivative of s**4/24 + 17*s**3/6 + 7*s**2. Let j be v(-12). Suppose 2*r - j*r = -291. What is the remainder when r is divided by 25?
22
Let b be 14/(-7) - 54/2. Let a = b - -44. Suppose 5*q - 12 = 2*q. Calculate the remainder when a is divided by q.
3
Suppose -4*n + 53 = 13. Let z be (14/4)/(5/n). Suppose -h + 5 = -z. What is the remainder when 23 is divided by h?
11
Let q(i) = -26*i + 0 - 2 + 3 - 5. Calculate the remainder when 41 is divided by q(-1).
19
Let r(f) be the second derivative of -f**4/12 - 5*f**3/6 + f**2/2 + 2*f. Let g be r(4). What is the remainder when 9 is divided by (-154)/g - 3/(-5)?
4
Let d(l) = l**2 + 10. Let f(v) = -v**3 - v**2 + 36*v + 6. What is the remainder when f(-7) is divided by d(0)?
8
Let w be (-1674)/9 - 8/2. Let c = -112 - w. Calculate the remainder when c is divided by 21.
15
Calculate the remainder when 95 is divided by (-1)/(-7 + 10)*-78.
17
Suppose -19*a = -35*a + 320. What is the remainder when 162 is divided by a?
2
Suppose -5*p = 2*t - 443, 2*p - 6*t - 183 = -t. Let l = p - 76. What is the remainder when 48 is divided by l?
9
Suppose 3*b + 8*b + 880 = 0. What is the remainder when 48/b + 1 + (-1606)/(-10) is divided by 9?
8
Suppose 0*i - 3*i + 39 = 3*d, 3*d = 3*i + 39. Suppose 4*g = d*u - 16*u + 113, -4*g = 5*u - 175. What is the remainder when u is divided by 21?
10
Let y = -141 - -152. Calculate the remainder when 635 is divided by y.
8
Let o(q) = -q**2 - 9*q + 2. What is the remainder when (-1)/(1/(-255)*(-15)/(-5)) is divided by o(-5)?
19
Let i(z) = z**3 - 2*z**2 - z - 3. Suppose -w - 10 = -3*r - 0*w, 3*w - 14 = -2*r. What is the remainder when i(r) is divided by 14?
11
Let g = 29 + -14. Let x = 4 - 0. Suppose o - 181 = -x*q, 50 = q + 2*o - 4. Calculate the remainder when q is divided by g.
14
Let p be (-15)/(-5)*(-1)/(3 + -2). Calculate the remainder when 79 is divided by -3*(-1)/p*-41.
38
Let v = 34 - -2. Let b = -91 + 104. What is the remainder when v is divided by b?
10
Suppose 3*s = 20 + 43. Let k = s + -16. Suppose -24 - 81 = -k*y. What is the remainder when 59 is divided by y?
17
Suppose 4*f + 3*z - 14 = 5*z, -4*f + 21 = 5*z. Let l(o) = -f*o - 4*o**3 - 3*o + 2 + 3*o**3 - 6*o**2. What is the remainder when l(-5) is divided by 7?
5
Let q(d) = -d**2 - 3*d + 13. Suppose -2*a + 3*t = -t - 8, 8 = 3*a - 4*t. Calculate the remainder when (3/2)/(1/24) is divided by q(a).
10
Suppose 7 = o - 4*j, -3*o - 2*j + 60 = -j. What is the remainder when o is divided by (3/9)/(17/204)?
3
Let q(v) = -v - 8. Let l be q(-13). Suppose l*u - 2*i = 196, 3*u - u - 5*i = 70. Calculate the remainder when 157 is divided by u.
37
Let c(j) = 10*j + 48. Let w(m) = 11*m + 51. Let y(l) = -6*c(l) + 5*w(l). Let f(z) = -7*z - 2. Calculate the remainder when f(-5) is divided by y(-9).
9
Suppose 0 = 5*g + 9*g - 812. Calculate the remainder when g is divided by 21.
16
Let h(c) = c**2 + 44*c - 143. What is the remainder when h(-50) is divided by 11?
3
Suppose -2*w = 5*d - 67, 4*w - 5*w = -4*d + 51. Calculate the remainder when (0 - 6)*25/20*-6 is divided by d.
6
Suppose 3*c - 3 = 2*c + 2*r, 0 = -c - 3*r + 3. Let m = c + 12. Calculate the remainder when 72 is divided by m.
12
Let h(z) = -2*z**2 + 14*z - 3. Let d be h(-4). Let i = -61 - d. What is the remainder when 58 is divided by i?
28
Suppose 0 = -10*q + 2573 - 13323. What is the remainder when (q/10)/(-5) - 2/(-4) is divided by 9?
4
Suppose 5*i = 126 + 69. Suppose i + 9 = 4*l. Let t(j) = -6*j + 3. What is the remainder when t(-3) is divided by l?
9
Suppose 8 = g - 2*x, x + 2 = -3. What is the remainder when 53 is divided by 206/13 + g + (-2)/(-13)?
11
Let i(g) = 2*g**3 + 5*g - 2. Let l be i(3). Let m = -59 + l. What is the remainder when 19 is divided by m?
3
Let q = -6 + 15. Let g = q - 7. Suppose g*t - 63 = -3*o - 0*t, 3 = -t. What is the remainder when 67 is divided by o?
21
Let q be 2/(3*(-6)/63). Calculate the remainder when 27 is divided by 68/(-119) + (-67)/q + -2.
6
Let m(i) = 4*i**2 + 131 - 265 + 132 - 3*i. Calculate the remainder when 23 is divided by m(-1).
3
Suppose 22*o + 1486 = 8460. What is the remainder when o is divided by 64?
61
Let a(f) = -6*f**2 - 28*f - 4. Calculate the remainder when (-81)/2*4/(-3) is divided by a(-2).
26
What is the remainder when 196 is divided by 4140/161 + 2/7?
14
Let y = 10 + -8. Suppose 0 = -2*h - 3*q + 13, 6*q - 2*q = -y*h + 16. Suppose 275 = 32*g + 51. What is the remainder when g is divided by h?
1
Suppose 0 = 3*n - 3*j + 78 - 249, 2*j = 4*n - 230. Suppose -2*m - 5 = 3*m. Calculate the remainder when n is divided by 6/3 - (m - 12).
13
Let p = -207 - -136. Suppose -3*g + 2*g + 2*l + 13 = 0, 6 = -3*l. What is the remainder when (-6)/4 - p/2 is divided by g?
7
Suppose 4*q - 338 = -2*p - 16, 4*p + 247 = 3*q. Let y = -44 + q. What is the remainder when y is divided by 19?
18
Suppose -5*a - 5*l + 2135 = 0, 4*l = 18*a - 20*a + 864. Calculate the remainder when a is divided by 53.
51
Let v be (-4)/8 - (-23)/2. Suppose 51 - v = 5*q. Suppose 6*k - 78 - 12 = 0. What is the remainder when k is divided by q?
7
Suppose -20 = f - 30. What is the remainder when 55 is divided by 6*2*f/8?
10
Let h = -8 - -12. Suppose 0 = -k + h - 1. Suppose -4 - 1 = -t - o, 0 = -k*t + 4*o + 50. Calculate the remainder when 19 is divided by t.
9
Let i(k) = -4*k + 22. Let a be i(-8). Let f = a + -36. What is the remainder when 68 is divided by f?
14
Let j = 82 - 52. Calculate the remainder when j is divided by 10.
0
Suppose 2*u + 5*c - 4*c - 147 = 0, u - 60 = 4*c. Calculate the remainder when 124 is divided by u.
52
Let n = -19 + 31. Suppose 0 = -22*j + 820 + 434. What is the remainder when j is divided by n?
9
Suppose -46*h - 3712 = -78*h. Calculate the remainder when h is divided by 20.
16
Let q = -415 - -429. Calculate the remainder when 123 is divided by q.
11
Suppose 5*p - 211 = 129. Suppose 0 = -2*r - 4*w - p, 5*r = -w + 6*w - 245. Calculate the remainder when 35 is divided by 102/8 + 33/r.
11
Suppose -20 - 160 = -2*b. Suppose -5*z - b = -0*n - n, 5*n + 3*z = 394. Calculate the remainder when n is divided by 41.
39
Suppose 3*n - y - 111 - 458 = 0, -971 = -5*n - 4*y. Let j = 290 - n. Calculate the remainder when j is divided by 25.
24
Let a = -547 - -566. What is the remainder when 86 is divided by a?
10
Let h(p) = -p**3 + 15*p - 1. What is the remainder when 115 is divided by h(3)?
13
Let t = 460 + -832. What is the remainder when t/(-5) + 20/(-50) is divided by 15?
14
Suppose -3*b + 32 = 2*k - b, 0 = b - 5. Let t(z) = 7*z - 2. Let i be t(-1). What is the remainder when k is divided by (-2 - (-5)/3)*i?
2
Let d(c) = 3*c**2 + 21*c + 20. Let u = -3 - -14. What is the remainder when d(-8) is divided by (2 - (-3 - u)) + -1?
14
Let g = -14 - -17. Suppose -g*y + 1 = -2*y. What is the remainder when 1 is divided by y?
0
Suppose -5*w - 4*m + 194 = -15, 5*w - m = 229. What is the remainder when w is divided by 18?
9
Calculate the remainder when 169 is divided by (-45)/90*(-31 + -2 + 1).
9
Let l be 10/(-15)*-3 + -2. Suppose l = 3*j + 15, 4*m + 3*j - 5 = -m. Let t = -10 + 25. Calculate the remainder when t is divided by m.
3
Let k(y) = -5*y*